 are the prime factors of v?
11
Let a be (3/6)/(2/(-32)). Suppose 2*b - 13 = b. Let i = b + a. What are the prime factors of i?
5
Suppose 5*d = 33 - 8. Suppose 0 = -5*j + d*a - 10, 3*j = -4*a + 34 - 5. List the prime factors of j.
3
Let i(f) = -f**2 + 9*f + 1. Let g be i(8). Suppose 3*n + 0 + g = 0. Let m(t) = t**3 + 3*t**2 - 4*t - 1. List the prime factors of m(n).
11
Suppose -y = -3*u + 4, u + 4 - 2 = 2*y. Suppose -2 - y = 2*n, -4*o + 5*n + 46 = 0. What are the prime factors of o?
3
Suppose -p - q + 34 = -2*q, 4*p = 3*q + 140. Suppose 4*s - 2*o = 56, -p = -3*s + 4*o + 9. What are the prime factors of s?
13
Suppose -22*f - 504 = -28*f. List the prime factors of f.
2, 3, 7
Let m be 0/(3 + -1 + -1). Suppose 0 = -n - m*n + 7. What are the prime factors of n?
7
Suppose -3*g - 18 = -v, -5*g - 13 + 0 = 4*v. Let h be 6 + (2 - v)*1. Suppose -5*j = -4*r + 24, 2*r = h*j + 1 + 1. What are the prime factors of r?
11
Suppose 2*q = 6, -5*b + 79 = -q - q. What are the prime factors of b?
17
Let v be (-2)/5 - (-294)/35. Let d = -4 + v. List the prime factors of d.
2
Let r(s) = -s**3 - 9*s**2 + 9*s - 5. Let q be r(-10). Suppose 56 = q*n - 3*n. What are the prime factors of n?
2, 7
Suppose 1 - 7 = 3*d. Let l = d - -3. List the prime factors of (1 + l - -1)*1.
3
Let a = 154 + -105. Suppose 4*c + 4*v - a - 175 = 0, 168 = 3*c + 4*v. List the prime factors of c.
2, 7
Suppose -4*s + 2*g = -14, 9 = -g - 2*g. Suppose 0 = -3*h, 2*h + 8 = s*o - 0*h. What are the prime factors of o?
2
Let t = -59 + 105. What are the prime factors of t?
2, 23
Let m = 2 + 0. Let d(p) = m*p - p - 5 + p. List the prime factors of d(5).
5
Suppose -5*v = 0, -2*s - v + 13 - 1 = 0. List the prime factors of s.
2, 3
Suppose 2 + 14 = 4*z. Suppose 0 = -z*y + 10 + 6, 5 = -w + 2*y. What are the prime factors of w?
3
Let j(o) = o**2 - 11*o + 6. Let x be j(10). Let l be (3/(-1))/3*x. Suppose -c = -l*c + 6. What are the prime factors of c?
2
Let x(l) = l**2 + 8*l + 55. What are the prime factors of x(-7)?
2, 3
List the prime factors of 2 - 0 - (2 + (-3 - 125)).
2
Let d(o) = -2*o**3 + 3*o**2 + 5*o + 12. List the prime factors of d(-4).
2, 3, 7
Let m(x) be the second derivative of -x**3/2 + x**2/2 + 2*x. What are the prime factors of m(-3)?
2, 5
Suppose 6*k = 5*k + 23. List the prime factors of k.
23
Suppose 2*y - 3*y + 28 = 0. List the prime factors of y.
2, 7
Let f(g) = -g + 2. Let l be f(-7). Let x(r) = -r**3 + 10*r**2 - 7*r - 1. List the prime factors of x(l).
17
Let c(v) = -v. Suppose 1 = -2*t - 3. Let x be (1 - 2) + (t - -1). List the prime factors of c(x).
2
Let s = 7 - 13. Let f be ((-14)/(-8))/(s/24). Let u = 19 + f. What are the prime factors of u?
2, 3
Suppose 5*l - 3*v - 155 = -4*v, 3*v = l - 47. Suppose l = 2*d + 6. List the prime factors of d.
13
Let n = 6 + -3. Suppose 3*x + w - 38 = 0, 0*x + 4*x - n*w - 42 = 0. List the prime factors of x.
2, 3
Let g = -42 - -118. What are the prime factors of g?
2, 19
Suppose -20 = -4*h - 0*h. Suppose -6 = 4*i - h*i + x, i - 3*x - 12 = 0. List the prime factors of 1/(10/i - 3).
3
What are the prime factors of 3/9*(-1146)/(-2)?
191
Suppose -15 = z + 3*t, 13 + 12 = -2*z - 5*t. Let u(a) = a + 12. List the prime factors of u(z).
2, 3
Let l = 1 + -3. Let x(i) = i**2 - 2*i - 3. What are the prime factors of x(l)?
5
Suppose -3*q + 16 - 1 = 0. Suppose 0 = q*v + 4*y - 31, 3*y = -4*v - 2 + 26. Suppose v + 0 = p. What are the prime factors of p?
3
Let m = -26 - -25. Let d = -1 + -2. List the prime factors of (m - -2)/(d/(-15)).
5
Let u(d) be the first derivative of -d**2/2 + 10*d - 2. Suppose -4*c + 32 = 8. List the prime factors of u(c).
2
Let c = 26 - 0. List the prime factors of c.
2, 13
Let h(y) = -6*y - 3. Let u(k) = -k + 1. Let f(x) = h(x) + 2*u(x). Suppose -2*b + 5*v - 14 = 0, 8 = -3*b + v - 0. List the prime factors of f(b).
3, 5
Suppose 0*d = -4*d - 4. Let k(x) = -12*x + 1. List the prime factors of k(d).
13
Let k(f) = -f**2 - 12*f - 13. Let b be k(-10). Let y = b + -2. Suppose 0 = -y*n + 2 + 23. What are the prime factors of n?
5
Suppose 2*b + 2*b = -f + 46, 0 = -2*f + 4*b + 80. What are the prime factors of f?
2, 3, 7
Let j(s) = s - 1. Let x be j(4). Let k = 6 + -1. Let i = x + k. What are the prime factors of i?
2
Let y(i) = i**2 + 11*i + 9. Let r be y(-9). Let j = r - 12. Let h = -8 - j. What are the prime factors of h?
13
Suppose 5*s + 7*k - 4*k - 95 = 0, 5*s - 60 = 4*k. List the prime factors of s.
2
What are the prime factors of (-4 + 2)*21/(-6)?
7
Let i(w) = -w**3 - 21*w**2 - 45*w + 28. List the prime factors of i(-19).
7, 23
Suppose 0 = q - 2*s + 2, 0*s + 1 = s. Suppose 5*f - 4*p + 3*p = 25, -p - 5 = q. List the prime factors of f.
2
Let v(u) be the third derivative of u**7/2520 + u**6/360 + u**5/30 - 3*u**2. Let k(s) be the third derivative of v(s). What are the prime factors of k(5)?
2, 3
List the prime factors of ((18/(-4))/3)/((-27)/1098).
61
Suppose -3 - 1 = -4*q - u, 5*u + 22 = q. Suppose 2*g + 0 + q = 0. Let y = g - -9. What are the prime factors of y?
2
Suppose 0 = -4*m + 194 + 58. What are the prime factors of m?
3, 7
Suppose -3*p = 56 + 52. Suppose 3*d + 5*j + 108 = -56, -4*d - 2*j - 214 = 0. Let m = p - d. What are the prime factors of m?
17
Suppose d + 0*p = -p + 68, 5*d - 334 = p. List the prime factors of d.
67
Let d(i) be the first derivative of -i**3/3 + 15*i**2/2 + 5*i - 6. What are the prime factors of d(14)?
19
Let r(m) = -m**3 + 3*m**2 + 2*m + 3. Let w be r(3). Suppose 0 = -3*k + w - 0. List the prime factors of k.
3
Let k = -18 - -29. Suppose k = 2*t - 3. What are the prime factors of t?
7
Let d be 35 + 0 + 8 + -11. Suppose 0 = -2*n + d. List the prime factors of n.
2
Suppose 0*i - 4*i = 3*h - 12, 4*i + 4*h = 16. Let o = 103 - 61. Suppose -4*q + q + o = i. What are the prime factors of q?
2, 7
Let q = 3 - 1. Suppose f = 2*l - q, 4*l = l + 3*f. Suppose 5*y + 2*u - 29 = 0, 3*y + l*u = -3*u + 25. What are the prime factors of y?
5
Suppose n = -0*n - 4*d - 10, -3*n + d = -9. Suppose 2*z + 25 = n*o - z, 2*o - 30 = 4*z. What are the prime factors of o?
5
Let q(i) = -i**3 + i**2 + i + 55. List the prime factors of q(0).
5, 11
Let d = -3 + 5. What are the prime factors of 28 + d + (-6)/(-6)?
31
Let s = 223 + -57. What are the prime factors of s?
2, 83
Let s(b) = 30*b - 31*b + 23 + 0. Suppose -3*w - 3 = z, z - 2*z - 2*w = 2. List the prime factors of s(z).
23
List the prime factors of (5 - 116/24) + (-850)/(-12).
71
Let a be 3/9 + (-3)/9. Suppose a = -5*v + 7*v + 2, v = -5*c + 9. Suppose -c*d = -0*d - 4. What are the prime factors of d?
2
What are the prime factors of (-1)/2 + 90/36?
2
Let k(o) = -o**3 - 3*o**2 - 4*o - 2. Let g be k(-2). Suppose r = g*r - 2. Suppose 22 = r*c - 0*c. What are the prime factors of c?
11
Let x be 3 + ((-12)/(-3))/(-2). Let g(y) = 6*y**3 - y**2 + y - 1. What are the prime factors of g(x)?
5
Let q(s) = -s**3 - 5*s**2 - 8*s - 6. Let n be q(-5). Suppose -93 = 4*m + v, 5*v - v + 20 = 0. Let a = m + n. List the prime factors of a.
2, 3
Let k = -10 + 22. Let x = 25 - k. What are the prime factors of x?
13
Suppose 14*q + 924 = 18*q. List the prime factors of q.
3, 7, 11
Suppose -11*c = -8*c - 153. What are the prime factors of c?
3, 17
Let v = -7 - -7. Suppose 4*a - 31 - 17 = v. List the prime factors of a.
2, 3
Let j = 2 + 2. Suppose -81 = -j*y - 29. What are the prime factors of y?
13
Let q(d) = -d**2 - d - 2. Let h be q(-3). Let z = h - -23. Let p = z - -4. What are the prime factors of p?
19
Let p(b) be the first derivative of -15*b**2/2 - b + 1. What are the prime factors of p(-1)?
2, 7
Let b = 7 + -5. Suppose -19 = -5*d + 2*f, b*d - d - 9 = 3*f. What are the prime factors of d?
3
Let c be 216/(-21) + (-4)/(-14). Let i(n) = -3*n - 13. What are the prime factors of i(c)?
17
Let s = 32 + -21. Suppose -5*j = -19 - s. Suppose 1 = y - j. List the prime factors of y.
7
Let o be 6/3 + (-2)/(-2). Let r = o + -3. Suppose r = 2*p + 2*d - 28, -22 = -4*p + 2*d + 4. What are the prime factors of p?
3
List the prime factors of ((-9)/(-6))/((-12)/(-16)) + 75.
7, 11
Suppose 5*i = 30 + 20. Let g be (10 - 0)*(-12)/i. Let b = g + 18. What are the prime factors of b?
2, 3
Suppose 2*g + 2*d = -2*g + 154, -185 = -5*g - 4*d. Let c = g + -20. List the prime factors of c.
3, 7
Suppose 0 = -2*t + w - 59, -2*w + 3*w = -3*t - 81. L